ommon factor of 85 and 17.
17
What is the highest common divisor of 481 and 65?
13
Calculate the highest common factor of 187 and 3247.
17
Calculate the greatest common factor of 1363 and 58.
29
Calculate the highest common factor of 2232 and 936.
72
Calculate the greatest common factor of 6 and 1536.
6
What is the greatest common factor of 1500 and 700?
100
Calculate the greatest common divisor of 9 and 111.
3
Calculate the highest common factor of 5056 and 79.
79
What is the greatest common factor of 63 and 2772?
63
Calculate the greatest common factor of 240 and 8080.
80
Calculate the greatest common divisor of 675 and 200.
25
What is the greatest common divisor of 60 and 615?
15
What is the greatest common divisor of 266 and 98?
14
What is the highest common factor of 213 and 34719?
213
What is the highest common factor of 119 and 119?
119
Calculate the highest common divisor of 3826 and 2.
2
Calculate the highest common divisor of 59 and 3540.
59
Calculate the highest common factor of 6409 and 221.
221
Calculate the highest common factor of 304 and 171.
19
What is the greatest common factor of 39 and 663?
39
What is the greatest common factor of 135 and 765?
45
What is the greatest common factor of 188 and 100?
4
What is the greatest common divisor of 17 and 782?
17
Calculate the highest common factor of 5474 and 23.
23
Calculate the greatest common divisor of 3432 and 66.
66
Calculate the greatest common factor of 119 and 408.
17
Calculate the greatest common factor of 330 and 2112.
66
What is the greatest common divisor of 1081 and 46?
23
What is the highest common divisor of 1573 and 286?
143
What is the highest common factor of 31 and 1891?
31
What is the highest common divisor of 133 and 553?
7
Calculate the highest common divisor of 4425 and 2400.
75
Calculate the greatest common divisor of 1605 and 645.
15
Calculate the greatest common factor of 665 and 140.
35
What is the greatest common factor of 25 and 130?
5
Calculate the greatest common divisor of 3589 and 37.
37
What is the greatest common factor of 1792 and 14?
14
Calculate the greatest common factor of 155 and 40.
5
Calculate the highest common divisor of 91 and 2.
1
What is the highest common factor of 75 and 1605?
15
Calculate the greatest common factor of 42 and 3675.
21
What is the highest common divisor of 29550 and 25?
25
What is the greatest common factor of 5372 and 68?
68
What is the highest common factor of 2050 and 3772?
82
Calculate the greatest common divisor of 552 and 920.
184
Calculate the highest common divisor of 1131 and 195.
39
Calculate the greatest common factor of 88 and 1298.
22
What is the greatest common factor of 290 and 470?
10
What is the highest common divisor of 21 and 75?
3
Calculate the highest common factor of 154 and 42.
14
What is the greatest common factor of 18 and 24?
6
What is the greatest common divisor of 1926 and 1391?
107
Calculate the highest common divisor of 2 and 43.
1
Calculate the greatest common divisor of 352 and 209.
11
Calculate the highest common divisor of 394 and 9259.
197
Calculate the highest common factor of 765 and 30.
15
What is the highest common factor of 2088 and 29?
29
What is the greatest common factor of 943 and 46?
23
Calculate the greatest common divisor of 10856 and 69.
23
Calculate the greatest common divisor of 12 and 294.
6
Calculate the greatest common divisor of 1313 and 13.
13
What is the highest common divisor of 44 and 198?
22
Calculate the highest common divisor of 742 and 28.
14
What is the highest common factor of 1900 and 100?
100
Calculate the highest common divisor of 40 and 4140.
20
Calculate the highest common factor of 243 and 29646.
243
Calculate the greatest common divisor of 1415 and 1132.
283
What is the highest common divisor of 127 and 35179?
127
What is the highest common factor of 46 and 69?
23
Calculate the greatest common factor of 21 and 35.
7
What is the highest common factor of 36 and 8676?
36
What is the highest common divisor of 2178 and 18?
18
What is the greatest common factor of 26 and 520?
26
Calculate the highest common factor of 15232 and 119.
119
Calculate the greatest common divisor of 333 and 36.
9
What is the greatest common divisor of 18 and 1710?
18
What is the highest common factor of 27 and 28161?
27
Calculate the highest common factor of 1122 and 495.
33
What is the greatest common factor of 297 and 81?
27
What is the highest common factor of 16 and 2016?
16
Calculate the greatest common divisor of 1312 and 41.
41
Calculate the highest common divisor of 3 and 19.
1
Calculate the highest common divisor of 752 and 32.
16
What is the highest common factor of 440 and 40?
40
What is the greatest common divisor of 1457 and 124?
31
Calculate the greatest common divisor of 40 and 3460.
20
What is the highest common divisor of 11398 and 410?
82
What is the highest common divisor of 913 and 11?
11
Calculate the highest common divisor of 30 and 1690.
10
Calculate the greatest common factor of 195 and 12155.
65
Calculate the highest common divisor of 275 and 330.
55
What is the greatest common factor of 819 and 182?
91
Calculate the highest common factor of 2 and 128.
2
What is the highest common factor of 2 and 1?
1
What is the highest common divisor of 15 and 1875?
15
Calculate the highest common factor of 305 and 45.
5
What is the highest common divisor of 20 and 1180?
20
Calculate the highest common divisor of 12 and 228.
12
What is the highest common divisor of 2301 and 624?
39
Calculate the greatest common factor of 780 and 52.
52
What is the greatest common divisor of 1316 and 940?
188
Calculate the greatest common divisor of 1390 and 10.
10
What is the greatest common factor of 5428 and 276?
92
Calculate the greatest common divisor of 195 and 3445.
65
What is the greatest common divisor of 50 and 590?
10
Calculate the highest common divisor of 82 and 46.
2
Calculate the highest common factor of 9312 and 96.
96
Calculate the highest common divisor of 68 and 51.
17
Calculate the greatest common divisor of 2 and 2.
2
What is the greatest common divisor of 120 and 80?
40
What is the greatest common divisor of 78 and 13078?
26
What is the greatest common divisor of 114 and 6612?
114
Calculate the highest common factor of 663 and 39.
39
What is the greatest common factor of 3 and 123?
3
What is the highest common divisor of 30 and 36?
6
What is the highest common factor of 189 and 48?
3
What is the greatest common factor of 360 and 10620?
180
What is the highest common divisor of 54 and 54?
54
What is the greatest common divisor of 3 and 417?
3
What is the highest common divisor of 14812 and 28?
28
Calculate the greatest common divisor of 20 and 2120.
20
What is the highest common divisor of 88 and 2750?
22
What is the greatest common factor of 48 and 1040?
16
Calculate the greatest common divisor of 44 and 55.
11
Calculate the highest common divisor of 5733 and 182.
91
What is the highest common factor of 3264 and 132?
12
What is the highest common factor of 204 and 748?
68
What is the greatest common factor of 15 and 24?
3
What is the highest common factor of 9 and 17559?
9
Calculate the greatest common divisor of 1911 and 312.
39
What is the greatest common divisor of 51891 and 147?
147
What is the highest common divisor of 119 and 6086?
17
What is the greatest common factor of 3 and 27?
3
Calculate the highest common factor of 628 and 21038.
314
Calculate the highest common factor of 10650 and 600.
150
What is the highest common factor of 240 and 5424?
48
What is the highest common divisor of 436 and 4?
4
Calculate the greatest common factor of 851 and 138.
23
What is the highest common factor of 29 and 754?
29
Calculate the highest common divisor of 1144 and 8.
8
What is the highest common factor of 109 and 3161?
109
What is the greatest common factor of 24 and 62?
2
Calculate the highest common factor of 266 and 228.
38
Calculate the highest common divisor of 410 and 2378.
82
Calculate the greatest common divisor of 1677 and 4773.
129
Calculate the highest common divisor of 21 and 42.
21
What is the greatest common divisor of 651 and 465?
93
Calculate the greatest common factor of 348 and 12.
12
Calculate the greatest common divisor of 49 and 7.
7
What is t